{"id":2244,"date":"2026-01-25T15:00:31","date_gmt":"2026-01-25T15:00:31","guid":{"rendered":"https:\/\/literaturexile.org\/index.php\/doctorado\/"},"modified":"2026-02-13T12:11:24","modified_gmt":"2026-02-13T12:11:24","slug":"doctorat","status":"publish","type":"page","link":"https:\/\/literaturexile.org\/index.php\/doctorat\/","title":{"rendered":"Doctorat"},"content":{"rendered":"\n<p class=\"has-contrast-color has-text-color has-link-color has-small-font-size wp-elements-edfa183a19896d75d2600ddb2134fadd\"><strong><strong>Titol de la tesi<\/strong><\/strong><br><em>Exilio, Literatura y Sociedad: revistas literarias y la construcci\u00f3n de una identidad nacional en el extranjero<\/em>.<\/p>\n\n\n\n<p class=\"has-contrast-color has-text-color has-link-color has-small-font-size wp-elements-0cda5f91c65fd64d807502d75f8e52c0\"><strong><strong>L\u00ednies de recerca tesi<\/strong><\/strong><br>Teoria i Pr\u00e0ctica dels G\u00e8neres.<br>Literatura Comparada: Estudis Tematol\u00f2gics i Estudis de Recepci\u00f3.<\/p>\n\n\n\n<p class=\"has-contrast-color has-text-color has-link-color has-small-font-size wp-elements-cf74d354da37e2fcfa5dfdc76e7bc314\">Programa de Doctorat en Teoria de la Literatura i Literatura Comparada<br>Escola de Doctorat \u2013 Departament de Filologia Espanyola<br>Facultat de Filosofia i Lletres<br>Universitat Aut\u00f2noma de Barcelona<\/p>\n\n\n\n<hr class=\"wp-block-separator has-alpha-channel-opacity\"\/>\n\n\n\n<p class=\"has-contrast-color has-text-color has-link-color has-small-font-size wp-elements-a399c1ee41bfae6726e0a69df1fdbe6e\"><strong>Proyecto E2425-10 Fundaci\u00f3 Aut\u00f2noma Solid\u00e0ria<\/strong><\/p>\n\n\n\n<div class=\"wp-block-group has-global-padding is-layout-constrained wp-block-group-is-layout-constrained\">\n<div class=\"wp-block-columns is-layout-flex wp-container-core-columns-is-layout-28f84493 wp-block-columns-is-layout-flex\">\n<div class=\"wp-block-column is-vertically-aligned-center is-layout-flow wp-block-column-is-layout-flow\"><div class=\"_df_thumb \" id=\"df_2598\"  _slug=\"literatureexile\" data-title=\"literatureexile\" wpoptions=\"true\" thumb=\"https:\/\/literaturexile.org\/wp-content\/uploads\/2026\/02\/Front.jpg\" thumbtype=\"\" >Literature(E)xile<\/div><script class=\"df-shortcode-script\" nowprocket type=\"application\/javascript\">window.option_df_2598 = {\"outline\":[],\"autoEnableOutline\":\"false\",\"autoEnableThumbnail\":\"false\",\"overwritePDFOutline\":\"false\",\"backgroundImage\":\"https:\\\/\\\/literaturexile.org\\\/wp-content\\\/uploads\\\/2025\\\/12\\\/IMG_1192-scaled.jpeg\",\"direction\":\"1\",\"pageSize\":\"0\",\"source\":\"https:\\\/\\\/literaturexile.org\\\/wp-content\\\/uploads\\\/2026\\\/02\\\/literaturExile.pdf\",\"wpOptions\":\"true\"}; if(window.DFLIP && window.DFLIP.parseBooks){window.DFLIP.parseBooks();}<\/script>\n<\/div>\n\n\n\n<div class=\"wp-block-column is-layout-flow wp-block-column-is-layout-flow\">\n<div class=\"wp-block-group has-global-padding is-layout-constrained wp-block-group-is-layout-constrained\">\n<div class=\"wp-block-group is-nowrap is-layout-flex wp-container-core-group-is-layout-6c531013 wp-block-group-is-layout-flex\">\n<iframe loading=\"lazy\" width=\"560\" height=\"315\" src=\"https:\/\/www.youtube.com\/embed\/e0nt40fGGXw?si=_Bg7LcMYZMXEre-G\" title=\"YouTube video player\" frameborder=\"0\" allow=\"accelerometer; autoplay; clipboard-write; encrypted-media; gyroscope; picture-in-picture; web-share\" referrerpolicy=\"strict-origin-when-cross-origin\" allowfullscreen><\/iframe>\n<\/div>\n<\/div>\n<\/div>\n<\/div>\n<\/div>\n\n\n\n<p><\/p>\n","protected":false},"excerpt":{"rendered":"<p>Titol de la tesiExilio, Literatura y Sociedad: revistas literarias y la construcci\u00f3n de una identidad nacional en el extranjero. L\u00ednies de recerca tesiTeoria i Pr\u00e0ctica dels G\u00e8neres.Literatura Comparada: Estudis Tematol\u00f2gics i Estudis de Recepci\u00f3. Programa de Doctorat en Teoria de la Literatura i Literatura ComparadaEscola de Doctorat \u2013 Departament de Filologia EspanyolaFacultat de Filosofia i [&hellip;]<\/p>\n","protected":false},"author":1,"featured_media":0,"parent":0,"menu_order":0,"comment_status":"closed","ping_status":"closed","template":"","meta":{"footnotes":""},"class_list":["post-2244","page","type-page","status-publish","hentry"],"_links":{"self":[{"href":"https:\/\/literaturexile.org\/index.php\/wp-json\/wp\/v2\/pages\/2244","targetHints":{"allow":["GET"]}}],"collection":[{"href":"https:\/\/literaturexile.org\/index.php\/wp-json\/wp\/v2\/pages"}],"about":[{"href":"https:\/\/literaturexile.org\/index.php\/wp-json\/wp\/v2\/types\/page"}],"author":[{"embeddable":true,"href":"https:\/\/literaturexile.org\/index.php\/wp-json\/wp\/v2\/users\/1"}],"replies":[{"embeddable":true,"href":"https:\/\/literaturexile.org\/index.php\/wp-json\/wp\/v2\/comments?post=2244"}],"version-history":[{"count":38,"href":"https:\/\/literaturexile.org\/index.php\/wp-json\/wp\/v2\/pages\/2244\/revisions"}],"predecessor-version":[{"id":2674,"href":"https:\/\/literaturexile.org\/index.php\/wp-json\/wp\/v2\/pages\/2244\/revisions\/2674"}],"wp:attachment":[{"href":"https:\/\/literaturexile.org\/index.php\/wp-json\/wp\/v2\/media?parent=2244"}],"curies":[{"name":"wp","href":"https:\/\/api.w.org\/{rel}","templated":true}]}}